{"id":20885,"date":"2020-07-29T17:23:22","date_gmt":"2020-07-29T15:23:22","guid":{"rendered":"https:\/\/www.lepont.fr\/instruments\/?page_id=20885"},"modified":"2020-09-01T14:55:47","modified_gmt":"2020-09-01T12:55:47","slug":"offre-reprises-financement","status":"publish","type":"page","link":"https:\/\/www.lepont.fr\/instruments\/offre-reprises-financement\/","title":{"rendered":"Offre reprises et financement"},"content":{"rendered":"<div class=\"fusion-fullwidth fullwidth-box fusion-builder-row-1 nonhundred-percent-fullwidth non-hundred-percent-height-scrolling\" style=\"background-color: #ffffff;background-position: center center;background-repeat: no-repeat;padding-top:0px;padding-right:0px;padding-bottom:0px;padding-left:0px;margin-bottom: 0px;margin-top: 0px;border-width: 0px 0px 0px 0px;border-color:#eae9e9;border-style:solid;\" ><div class=\"fusion-builder-row fusion-row\"><div class=\"fusion-layout-column fusion_builder_column fusion-builder-column-0 fusion_builder_column_1_1 1_1 fusion-one-full fusion-column-first fusion-column-last\" style=\"margin-top:15px;margin-bottom:15px;\"><div class=\"fusion-column-wrapper fusion-flex-column-wrapper-legacy\" style=\"background-position:left top;background-repeat:no-repeat;-webkit-background-size:cover;-moz-background-size:cover;-o-background-size:cover;background-size:cover;padding: 0px 0px 0px 0px;\"><div class=\"imageframe-align-center\"><span class=\" fusion-imageframe imageframe-none imageframe-1 hover-type-none\" style=\"max-width:640px;\"><img decoding=\"async\" width=\"720\" height=\"535\" title=\"Offre-reprise-produits-3\" src=\"https:\/\/www.lepont.fr\/instruments\/wp-content\/uploads\/2020\/07\/Offre-reprise-produits-3.jpg\" class=\"img-responsive wp-image-20886\" srcset=\"https:\/\/www.lepont.fr\/instruments\/wp-content\/uploads\/2020\/07\/Offre-reprise-produits-3-200x149.jpg 200w, https:\/\/www.lepont.fr\/instruments\/wp-content\/uploads\/2020\/07\/Offre-reprise-produits-3-400x297.jpg 400w, https:\/\/www.lepont.fr\/instruments\/wp-content\/uploads\/2020\/07\/Offre-reprise-produits-3-600x446.jpg 600w, https:\/\/www.lepont.fr\/instruments\/wp-content\/uploads\/2020\/07\/Offre-reprise-produits-3.jpg 720w\" sizes=\"(max-width: 800px) 100vw, 720px\" \/><\/span><\/div><div class=\"fusion-sep-clear\"><\/div><div class=\"fusion-separator fusion-full-width-sep\" style=\"margin-left: auto;margin-right: auto;margin-top:20px;margin-bottom:10px;width:100%;\"><div class=\"fusion-separator-border sep-single sep-solid\" style=\"border-color:#eaeaea;border-top-width:1px;\"><\/div><\/div><div class=\"fusion-sep-clear\"><\/div><div class=\"fusion-text fusion-text-1\"><h3>Jusqu&rsquo;au 11 septembre, Lepont vous verse jusqu&rsquo;\u00e0 8 000\u20ac pour la reprise de vos anciens instruments.<\/h3>\n<p>C&rsquo;est le moment de s&rsquo;\u00e9quiper. Pour tout achat d&rsquo;un pack Station totale Focus 35, nous reprenons votre ancien pack Station totale robot (quelle que soit la marque) \u00e0 5 000 \u20ac. Et pour l&rsquo;achat d&rsquo;un pack GNSS SP85, nous reprenons votre ancien pack GNSS (toutes marques) \u00e0 3 000 \u20ac.<\/p>\n<h3>Nous vous offrons en plus les frais de financements<\/h3>\n<p>Nous prenons en charge le co\u00fbt du financement afin de vous faire b\u00e9n\u00e9ficier de mensualit\u00e9s all\u00e9g\u00e9es. Nous vous accompagnons pour la mise en place du financement. <strong>En cas de contexte difficile, les mensualit\u00e9s peuvent \u00eatre suspendues durant une certaine\u00a0dur\u00e9e. Certains de nos clients ont pu en b\u00e9n\u00e9ficier ces derniers mois\u00a0<\/strong><a href=\"https:\/\/www.emojiall.com\/fr\/emoji\/%F0%9F%98%89#:~:text=Le%20clin%20d'oeil%20att%C3%A9nue,%22%F0%9F%98%84%20visage%2Dsouriant%22.\" data-cke-saved-href=\"https:\/\/www.emojiall.com\/fr\/emoji\/%F0%9F%98%89#:~:text=Le%20clin%20d'oeil%20att%C3%A9nue,%22%F0%9F%98%84%20visage%2Dsouriant%22.\">?<\/a><\/p>\n<h3>Les Services Lepont sont inclus dans l&rsquo;offre<\/h3>\n<p>Vous prenez un pack station totale robotis\u00e9e Focus 35 ou un pack r\u00e9cepteur GNSS SP85 ? Tous les services Lepont sont inclus !<br \/>\nVous profitez des meilleurs services et pouvez travailler sereinement car nous serons toujours \u00e0 vos c\u00f4t\u00e9s !<\/p>\n<\/div><div class=\"fusion-sep-clear\"><\/div><div class=\"fusion-separator fusion-full-width-sep\" style=\"margin-left: auto;margin-right: auto;margin-top:10px;margin-bottom:10px;width:100%;\"><div class=\"fusion-separator-border sep-single sep-solid\" style=\"border-color:#eaeaea;border-top-width:1px;\"><\/div><\/div><div class=\"fusion-sep-clear\"><\/div><div class=\"fusion-text fusion-text-2\">\n<div class=\"wpcf7 no-js\" id=\"wpcf7-f20888-o1\" lang=\"fr-FR\" dir=\"ltr\">\n<div class=\"screen-reader-response\"><p role=\"status\" aria-live=\"polite\" aria-atomic=\"true\"><\/p> <ul><\/ul><\/div>\n<form action=\"\/instruments\/wp-json\/wp\/v2\/pages\/20885#wpcf7-f20888-o1\" method=\"post\" class=\"wpcf7-form init\" aria-label=\"Formulaire de contact\" novalidate=\"novalidate\" data-status=\"init\">\n<div style=\"display: none;\">\n<input type=\"hidden\" name=\"_wpcf7\" value=\"20888\" \/>\n<input type=\"hidden\" name=\"_wpcf7_version\" value=\"5.7.7\" \/>\n<input type=\"hidden\" name=\"_wpcf7_locale\" value=\"fr_FR\" \/>\n<input type=\"hidden\" name=\"_wpcf7_unit_tag\" value=\"wpcf7-f20888-o1\" \/>\n<input type=\"hidden\" name=\"_wpcf7_container_post\" value=\"0\" \/>\n<input type=\"hidden\" name=\"_wpcf7_posted_data_hash\" value=\"\" \/>\n<input type=\"hidden\" name=\"_wpcf7_recaptcha_response\" value=\"\" \/>\n<\/div>\n<p><label> Nom - Pr\u00e9nom*<br \/>\n<span class=\"wpcf7-form-control-wrap\" data-name=\"contact\"><input size=\"40\" class=\"wpcf7-form-control wpcf7-text wpcf7-validates-as-required\" aria-required=\"true\" aria-invalid=\"false\" value=\"\" type=\"text\" name=\"contact\" \/><\/span> <\/label>\n<\/p>\n<p><label> Soci\u00e9t\u00e9*<br \/>\n<span class=\"wpcf7-form-control-wrap\" data-name=\"society\"><input size=\"40\" class=\"wpcf7-form-control wpcf7-text wpcf7-validates-as-required\" aria-required=\"true\" aria-invalid=\"false\" value=\"\" type=\"text\" name=\"society\" \/><\/span> <\/label>\n<\/p>\n<p><label> Code Postal*<br \/>\n<span class=\"wpcf7-form-control-wrap\" data-name=\"code-postal\"><input size=\"40\" class=\"wpcf7-form-control wpcf7-text wpcf7-validates-as-required\" aria-required=\"true\" aria-invalid=\"false\" value=\"\" type=\"text\" name=\"code-postal\" \/><\/span> <\/label>\n<\/p>\n<p>T\u00e9l\u00e9phone*<br \/>\n<span class=\"wpcf7-form-control-wrap\" data-name=\"tel-913\"><input size=\"40\" class=\"wpcf7-form-control wpcf7-text wpcf7-tel wpcf7-validates-as-required wpcf7-validates-as-tel\" aria-required=\"true\" aria-invalid=\"false\" value=\"\" type=\"tel\" name=\"tel-913\" \/><\/span>\n<\/p>\n<p><label> Email*<br \/>\n<span class=\"wpcf7-form-control-wrap\" data-name=\"your-email\"><input size=\"40\" class=\"wpcf7-form-control wpcf7-text wpcf7-email wpcf7-validates-as-required wpcf7-validates-as-email\" aria-required=\"true\" aria-invalid=\"false\" value=\"\" type=\"email\" name=\"your-email\" \/><\/span> <\/label>\n<\/p>\n<div class=\"fusion-one-full fusion-layout-column fusion-column-last fusion-spacing-yes\">\n\n<\/div>\n<p><input class=\"wpcf7-form-control has-spinner wpcf7-submit\" type=\"submit\" value=\"Envoyer\" \/>\n<\/p><div class=\"fusion-alert alert custom alert-custom fusion-alert-center wpcf7-response-output fusion-alert-capitalize alert-dismissable\" style=\"border-width:1px;\"><button type=\"button\" class=\"close toggle-alert\" data-dismiss=\"alert\" aria-label=\"Close\">&times;<\/button><div class=\"fusion-alert-content-wrapper\"><span class=\"fusion-alert-content\"><\/span><\/div><\/div>\n<\/form>\n<\/div>\n\n<\/div><div class=\"fusion-sep-clear\"><\/div><div class=\"fusion-separator fusion-full-width-sep\" style=\"margin-left: auto;margin-right: auto;margin-top:10px;margin-bottom:10px;width:100%;\"><div class=\"fusion-separator-border sep-double\" style=\"border-color:#ffffff;border-top-width:2px;border-bottom-width:2px;\"><\/div><\/div><div class=\"fusion-sep-clear\"><\/div><div class=\"fusion-text fusion-text-3\"><pre><strong>Offre de reprise valable jusqu'au 11 septembre 2020. *Conditions de reprises : <\/strong><\/pre>\n<p>Reprise de 5000\u20ac de vos anciens pack stations totales robotis\u00e9es toutes marques en \u00e9tat de marche comprenant la station, le carnet compatible et les accessoires li\u00e9s (batteries&#8230;), pour tout achat d&rsquo;un pack Focus 35 RX 5\u00a0\u00bb avec contr\u00f4leur Ranger 7, canne, support, tr\u00e9pied et services.<\/p>\n<p>Reprise de 3000\u20ac de vos anciens packs GNSS toutes marques en \u00e9tat de marche comprenant le r\u00e9cepteur GNSS, le carnet compatible, la canne et les accessoires li\u00e9s (batteries&#8230;) pour tout achat d&rsquo;un pack r\u00e9cepteur GNSS SP85 NTRIP avec contr\u00f4leur Ranger 3 XR, canne, support et services.<\/p>\n<p>D&rsquo;autres offres reprises sont disponibles pour l&rsquo;achat d&rsquo;autres packs, consultez votre interlocuteur commercial : solutions@lepont.fr<\/p>\n<p>**\u00a0 Pour connaitre les conditions du financement et des suspensions de mensualit\u00e9s, consultez votre interlocuteur commercial<\/p>\n<\/div><div class=\"fusion-clearfix\"><\/div><\/div><\/div><\/div><\/div>\n","protected":false},"excerpt":{"rendered":"","protected":false},"author":3,"featured_media":0,"parent":0,"menu_order":0,"comment_status":"closed","ping_status":"closed","template":"","meta":[],"yoast_head":"<!-- This site is optimized with the Yoast SEO plugin v14.9 - https:\/\/yoast.com\/wordpress\/plugins\/seo\/ -->\n<title>Offre reprises et financement - Instruments by Lepont<\/title>\n<meta name=\"robots\" content=\"index, follow, max-snippet:-1, max-image-preview:large, max-video-preview:-1\" \/>\n<link rel=\"canonical\" href=\"https:\/\/www.lepont.fr\/instruments\/offre-reprises-financement\/\" \/>\n<meta property=\"og:locale\" content=\"fr_FR\" \/>\n<meta property=\"og:type\" content=\"article\" \/>\n<meta property=\"og:title\" content=\"Offre reprises et financement - Instruments by Lepont\" \/>\n<meta property=\"og:url\" content=\"https:\/\/www.lepont.fr\/instruments\/offre-reprises-financement\/\" \/>\n<meta property=\"og:site_name\" content=\"Instruments by Lepont\" \/>\n<meta property=\"article:modified_time\" content=\"2020-09-01T12:55:47+00:00\" \/>\n<meta property=\"og:image\" content=\"https:\/\/www.lepont.fr\/instruments\/wp-content\/uploads\/2020\/10\/Carnet-terrain.png\" \/>\n\t<meta property=\"og:image:width\" content=\"304\" \/>\n\t<meta property=\"og:image:height\" content=\"328\" \/>\n<meta name=\"twitter:card\" content=\"summary_large_image\" \/>\n<script type=\"application\/ld+json\" class=\"yoast-schema-graph\">{\"@context\":\"https:\/\/schema.org\",\"@graph\":[{\"@type\":\"Organization\",\"@id\":\"https:\/\/www.lepont.fr\/instruments\/#organization\",\"name\":\"Lepont Instruments\",\"url\":\"https:\/\/www.lepont.fr\/instruments\/\",\"sameAs\":[],\"logo\":{\"@type\":\"ImageObject\",\"@id\":\"https:\/\/www.lepont.fr\/instruments\/#logo\",\"inLanguage\":\"fr-FR\",\"url\":\"https:\/\/www.lepont.fr\/instruments\/wp-content\/uploads\/2023\/01\/logo-lepont-instruments.jpg\",\"width\":716,\"height\":236,\"caption\":\"Lepont Instruments\"},\"image\":{\"@id\":\"https:\/\/www.lepont.fr\/instruments\/#logo\"}},{\"@type\":\"WebSite\",\"@id\":\"https:\/\/www.lepont.fr\/instruments\/#website\",\"url\":\"https:\/\/www.lepont.fr\/instruments\/\",\"name\":\"Instruments by Lepont\",\"description\":\"Solutions topographiques TOPCON ET SPECTRA GEOSPATIAL FRANCE\",\"publisher\":{\"@id\":\"https:\/\/www.lepont.fr\/instruments\/#organization\"},\"potentialAction\":[{\"@type\":\"SearchAction\",\"target\":\"https:\/\/www.lepont.fr\/instruments\/?s={search_term_string}\",\"query-input\":\"required name=search_term_string\"}],\"inLanguage\":\"fr-FR\"},{\"@type\":\"WebPage\",\"@id\":\"https:\/\/www.lepont.fr\/instruments\/offre-reprises-financement\/#webpage\",\"url\":\"https:\/\/www.lepont.fr\/instruments\/offre-reprises-financement\/\",\"name\":\"Offre reprises et financement - Instruments by Lepont\",\"isPartOf\":{\"@id\":\"https:\/\/www.lepont.fr\/instruments\/#website\"},\"datePublished\":\"2020-07-29T15:23:22+00:00\",\"dateModified\":\"2020-09-01T12:55:47+00:00\",\"inLanguage\":\"fr-FR\",\"potentialAction\":[{\"@type\":\"ReadAction\",\"target\":[\"https:\/\/www.lepont.fr\/instruments\/offre-reprises-financement\/\"]}]}]}<\/script>\n<!-- \/ Yoast SEO plugin. -->","_links":{"self":[{"href":"https:\/\/www.lepont.fr\/instruments\/wp-json\/wp\/v2\/pages\/20885"}],"collection":[{"href":"https:\/\/www.lepont.fr\/instruments\/wp-json\/wp\/v2\/pages"}],"about":[{"href":"https:\/\/www.lepont.fr\/instruments\/wp-json\/wp\/v2\/types\/page"}],"author":[{"embeddable":true,"href":"https:\/\/www.lepont.fr\/instruments\/wp-json\/wp\/v2\/users\/3"}],"replies":[{"embeddable":true,"href":"https:\/\/www.lepont.fr\/instruments\/wp-json\/wp\/v2\/comments?post=20885"}],"version-history":[{"count":6,"href":"https:\/\/www.lepont.fr\/instruments\/wp-json\/wp\/v2\/pages\/20885\/revisions"}],"predecessor-version":[{"id":20912,"href":"https:\/\/www.lepont.fr\/instruments\/wp-json\/wp\/v2\/pages\/20885\/revisions\/20912"}],"wp:attachment":[{"href":"https:\/\/www.lepont.fr\/instruments\/wp-json\/wp\/v2\/media?parent=20885"}],"curies":[{"name":"wp","href":"https:\/\/api.w.org\/{rel}","templated":true}]}}