{"id":21390,"date":"2021-01-22T10:16:56","date_gmt":"2021-01-22T09:16:56","guid":{"rendered":"https:\/\/www.lepont.fr\/instruments\/?page_id=21390"},"modified":"2026-04-08T14:07:01","modified_gmt":"2026-04-08T12:07:01","slug":"demandez-une-demo","status":"publish","type":"page","link":"https:\/\/www.lepont.fr\/instruments\/demandez-une-demo\/","title":{"rendered":"Demandez-une d\u00e9mo"},"content":{"rendered":"<p><div class=\"fusion-fullwidth fullwidth-box fusion-builder-row-1 fusion-parallax-none main-headband hundred-percent-fullwidth non-hundred-percent-height-scrolling\" style=\"background-color: rgba(0,0,0,0.47);background-image: url(&quot;https:\/\/www.lepont.fr\/instruments\/wp-content\/uploads\/2021\/10\/Bandeau-1024x356.jpg&quot;);background-position: center center;background-repeat: no-repeat;background-blend-mode: overlay;padding-top:90px;padding-right:0px;padding-bottom:90px;padding-left:0px;margin-bottom: 0px;margin-top: 0px;border-width: 0px 0px 0px 0px;border-color:#eae9e9;border-style:solid;-webkit-background-size:cover;-moz-background-size:cover;-o-background-size:cover;background-size:cover;\" ><div class=\"fusion-builder-row fusion-row\"><div class=\"fusion-layout-column fusion_builder_column fusion-builder-column-0 fusion_builder_column_1_1 1_1 fusion-one-full fusion-column-first fusion-column-last\" style=\"margin-top:15px;margin-bottom:15px;\"><div class=\"fusion-column-wrapper fusion-flex-column-wrapper-legacy\" style=\"background-position:left top;background-repeat:no-repeat;-webkit-background-size:cover;-moz-background-size:cover;-o-background-size:cover;background-size:cover;padding: 0px 0px 0px 0px;\"><div class=\"fusion-text fusion-text-1 main-title\"><h1 style=\"font-size: 70px; text-align: center; line-height: 84px; color: #ffffff;\">D\u00e9mo LEPONT<\/h1>\n<\/div><div class=\"fusion-text fusion-text-2 main-subtitle\"><p style=\"text-align: center;\"><span style=\"color: #ffffff;\"><strong>Notre \u00e9quipe est \u00e0 votre \u00e9coute, partout en France<br \/>\n<\/strong><\/span><\/p>\n<\/div><div class=\"fusion-sep-clear\"><\/div><div class=\"fusion-separator fusion-full-width-sep\" style=\"margin-left: auto;margin-right: auto;width:100%;\"><\/div><div class=\"fusion-sep-clear\"><\/div><div class=\"fusion-clearfix\"><\/div><\/div><\/div><\/div><\/div><div class=\"fusion-fullwidth fullwidth-box fusion-builder-row-2 nonhundred-percent-fullwidth non-hundred-percent-height-scrolling\" style=\"background-color: #ffffff;background-position: center center;background-repeat: no-repeat;padding-top:0px;padding-right:0px;padding-bottom:0px;padding-left:0px;margin-bottom: 0px;margin-top: 90px;border-width: 0px 0px 0px 0px;border-color:#eae9e9;border-style:solid;\" ><div class=\"fusion-builder-row fusion-row\"><div class=\"fusion-layout-column fusion_builder_column fusion-builder-column-1 fusion_builder_column_1_1 1_1 fusion-one-full fusion-column-first fusion-column-last fusion-column-no-min-height\" style=\"margin-top:0px;margin-bottom:0px;\"><div class=\"fusion-column-wrapper fusion-flex-column-wrapper-legacy\" style=\"background-position:left top;background-repeat:no-repeat;-webkit-background-size:cover;-moz-background-size:cover;-o-background-size:cover;background-size:cover;padding: 0px 0px 0px 0px;\"><style type=\"text\/css\"><\/style><div class=\"fusion-title title fusion-title-1 fusion-title-center fusion-title-text fusion-title-size-two\" style=\"margin-top:0px;margin-bottom:20px;\"><div class=\"title-sep-container title-sep-container-left\"><div class=\"title-sep sep-single sep-solid\" style=\"border-color:#e0dede;\"><\/div><\/div><span class=\"awb-title-spacer\"><\/span><h2 class=\"title-heading-center fusion-responsive-typography-calculated\" style=\"margin:0;--fontSize:38;line-height:1.05;\"><p style=\"text-align: center;\">Pr\u00e8s de chez vous&#8230;<\/p><\/h2><span class=\"awb-title-spacer\"><\/span><div class=\"title-sep-container title-sep-container-right\"><div class=\"title-sep sep-single sep-solid\" style=\"border-color:#e0dede;\"><\/div><\/div><\/div><div class=\"fusion-text fusion-text-3\"><p style=\"text-align: center;\">Vous souhaitez en savoir davantage sur un produit\u00a0 ?<br \/>\nVous pouvez demander une d\u00e9mo partout en France ! \ud83d\ude42<\/p>\n<\/div><div class=\"fusion-sep-clear\"><\/div><div class=\"fusion-separator fusion-full-width-sep\" style=\"margin-left: auto;margin-right: auto;margin-top:20px;width:100%;\"><\/div><div class=\"fusion-sep-clear\"><\/div><div class=\"fusion-clearfix\"><\/div><\/div><\/div><\/div><\/div><div class=\"fusion-fullwidth fullwidth-box fusion-builder-row-3 map-contact-wrapper nonhundred-percent-fullwidth non-hundred-percent-height-scrolling fusion-equal-height-columns\" style=\"background-color: #ffffff;background-position: center center;background-repeat: no-repeat;padding-top:0px;padding-right:0px;padding-bottom:0px;padding-left:0px;margin-bottom: 0px;margin-top: 0px;border-width: 0px 0px 0px 0px;border-color:#eae9e9;border-style:solid;\" ><div class=\"fusion-builder-row fusion-row\"><div class=\"fusion-layout-column fusion_builder_column fusion-builder-column-2 fusion_builder_column_1_1 1_1 fusion-one-full fusion-column-first fusion-column-last\" style=\"margin-top:15px;margin-bottom:15px;\"><div class=\"fusion-column-wrapper fusion-flex-column-wrapper-legacy\" style=\"background-position:left top;background-repeat:no-repeat;-webkit-background-size:cover;-moz-background-size:cover;-o-background-size:cover;background-size:cover;padding: 0px 0px 0px 0px;\"><style type=\"text\/css\"><\/style><div class=\"fusion-title title fusion-title-2 fusion-title-center fusion-title-text fusion-title-size-two\" style=\"margin-top:0px;margin-bottom:20px;\"><div class=\"title-sep-container title-sep-container-left\"><div class=\"title-sep sep-single sep-solid\" style=\"border-color:#e0dede;\"><\/div><\/div><span class=\"awb-title-spacer\"><\/span><h2 class=\"title-heading-center fusion-responsive-typography-calculated\" style=\"margin:0;--fontSize:38;line-height:1.05;\">Demandez une d\u00e9mo<\/h2><span class=\"awb-title-spacer\"><\/span><div class=\"title-sep-container title-sep-container-right\"><div class=\"title-sep sep-single sep-solid\" style=\"border-color:#e0dede;\"><\/div><\/div><\/div>\n<div class=\"wpcf7 no-js\" id=\"wpcf7-f21401-o1\" lang=\"fr-FR\" dir=\"ltr\">\n<div class=\"screen-reader-response\"><p role=\"status\" aria-live=\"polite\" aria-atomic=\"true\"><\/p> <ul><\/ul><\/div>\n<form action=\"\/instruments\/wp-json\/wp\/v2\/pages\/21390#wpcf7-f21401-o1\" method=\"post\" class=\"wpcf7-form init\" aria-label=\"Formulaire de contact\" novalidate=\"novalidate\" data-status=\"init\">\n<div style=\"display: none;\">\n<input type=\"hidden\" name=\"_wpcf7\" value=\"21401\" \/>\n<input type=\"hidden\" name=\"_wpcf7_version\" value=\"5.7.7\" \/>\n<input type=\"hidden\" name=\"_wpcf7_locale\" value=\"fr_FR\" \/>\n<input type=\"hidden\" name=\"_wpcf7_unit_tag\" value=\"wpcf7-f21401-o1\" \/>\n<input type=\"hidden\" name=\"_wpcf7_container_post\" value=\"0\" \/>\n<input type=\"hidden\" name=\"_wpcf7_posted_data_hash\" value=\"\" \/>\n<input type=\"hidden\" name=\"_wpcf7_recaptcha_response\" value=\"\" \/>\n<\/div>\n<div class=\"fusion-one-third fusion-layout-column fusion-spacing-yes\">\n\t<p><label aria-label=\"Name\"><span class=\"wpcf7-form-control-wrap\" data-name=\"your-name\"><input size=\"40\" class=\"wpcf7-form-control wpcf7-text wpcf7-validates-as-required\" aria-required=\"true\" aria-invalid=\"false\" placeholder=\"Nom*\" value=\"\" type=\"text\" name=\"your-name\" \/><\/span><\/label>\n\t<\/p>\n<\/div>\n<div class=\"fusion-one-third fusion-layout-column fusion-spacing-yes\">\n\t<p><label aria-label=\"Prenom\"><span class=\"wpcf7-form-control-wrap\" data-name=\"your-prenom\"><input size=\"40\" class=\"wpcf7-form-control wpcf7-text wpcf7-validates-as-required\" aria-required=\"true\" aria-invalid=\"false\" placeholder=\"Prenom*\" value=\"\" type=\"text\" name=\"your-prenom\" \/><\/span><\/label>\n\t<\/p>\n<\/div>\n<div class=\"fusion-one-third fusion-layout-column fusion-spacing-yes fusion-column-last\">\n\t<p><label aria-label=\"Email\"><span class=\"wpcf7-form-control-wrap\" data-name=\"your-email\"><input size=\"40\" class=\"wpcf7-form-control wpcf7-text wpcf7-email wpcf7-validates-as-required wpcf7-validates-as-email\" aria-required=\"true\" aria-invalid=\"false\" placeholder=\"Email*\" value=\"\" type=\"email\" name=\"your-email\" \/><\/span><\/label>\n\t<\/p>\n<\/div>\n<div class=\"fusion-one-third fusion-layout-column fusion-spacing-yes\">\n\t<p><label aria-label=\"Tel\"><span class=\"wpcf7-form-control-wrap\" data-name=\"your-tel\"><input size=\"40\" class=\"wpcf7-form-control wpcf7-text wpcf7-tel wpcf7-validates-as-required wpcf7-validates-as-tel\" aria-required=\"true\" aria-invalid=\"false\" placeholder=\"T\u00e9l\u00e9phone*\" value=\"\" type=\"tel\" name=\"your-tel\" \/><\/span><\/label>\n\t<\/p>\n<\/div>\n<div class=\"fusion-one-third fusion-layout-column fusion-spacing-yes\">\n\t<p><label aria-label=\"Society\"><span class=\"wpcf7-form-control-wrap\" data-name=\"your-society\"><input size=\"40\" class=\"wpcf7-form-control wpcf7-text wpcf7-validates-as-required\" aria-required=\"true\" aria-invalid=\"false\" placeholder=\"Soci\u00e9t\u00e9*\" value=\"\" type=\"text\" name=\"your-society\" \/><\/span><\/label>\n\t<\/p>\n<\/div>\n<div class=\"fusion-one-third fusion-layout-column fusion-spacing-yes fusion-column-last\">\n\t<p><label aria-label=\"Codepostal\"><span class=\"wpcf7-form-control-wrap\" data-name=\"your-codepostal\"><input size=\"40\" class=\"wpcf7-form-control wpcf7-text wpcf7-validates-as-required\" aria-required=\"true\" aria-invalid=\"false\" placeholder=\"Code Postal*\" value=\"\" type=\"text\" name=\"your-codepostal\" \/><\/span><\/label>\n\t<\/p>\n<\/div>\n<div class=\"fusion-two-third fusion-layout-column fusion-spacing-yes\">\n\t<p><label aria-label=\"Object\"><span class=\"wpcf7-form-control-wrap\" data-name=\"your-subject\"><input size=\"40\" class=\"wpcf7-form-control wpcf7-text\" aria-invalid=\"false\" placeholder=\"Objet du message\" value=\"\" type=\"text\" name=\"your-subject\" \/><\/span><\/label>\n\t<\/p>\n<\/div>\n<div class=\"fusion-one-full fusion-layout-column fusion-column-last fusion-spacing-yes\">\n\t<p><label aria-label=\"Message\"><span class=\"wpcf7-form-control-wrap\" data-name=\"your-message\"><textarea cols=\"40\" rows=\"10\" class=\"wpcf7-form-control wpcf7-textarea\" aria-invalid=\"false\" placeholder=\"Message\" name=\"your-message\"><\/textarea><\/span><\/label>\n\t<\/p>\n<\/div>\n<div class=\"fusion-one-full fusion-layout-column fusion-column-last fusion-spacing-yes\">\n\n<\/div>\n<p><span class=\"wpcf7-form-control-wrap\" data-name=\"checkbox-222\"><span class=\"wpcf7-form-control wpcf7-checkbox wpcf7-validates-as-required\"><span class=\"wpcf7-list-item first last\"><input type=\"checkbox\" name=\"checkbox-222[]\" value=\"J&#039;accepte que les donn\u00e9es ci-dessus soient collect\u00e9es afin que Lepont Instruments puisse me recontacter et m&#039;orienter vers le bon interlocuteur\" \/><span class=\"wpcf7-list-item-label\">J&#039;accepte que les donn\u00e9es ci-dessus soient collect\u00e9es afin que Lepont Instruments puisse me recontacter et m&#039;orienter vers le bon interlocuteur<\/span><\/span><\/span><\/span>\n<\/p>\n<div class=\"fusion-one-full fusion-layout-column fusion-column-last fusion-spacing-yes text-center\" style=\"text-align: center;\">\n\t<p><input class=\"wpcf7-form-control has-spinner wpcf7-submit\" type=\"submit\" value=\"Envoyer\" \/>\n\t<\/p>\n<\/div><div class=\"fusion-alert alert custom alert-custom fusion-alert-center wpcf7-response-output fusion-alert-capitalize alert-dismissable\" style=\"border-width:1px;\"><button type=\"button\" class=\"close toggle-alert\" data-dismiss=\"alert\" aria-label=\"Close\">&times;<\/button><div class=\"fusion-alert-content-wrapper\"><span class=\"fusion-alert-content\"><\/span><\/div><\/div>\n<\/form>\n<\/div>\n<div class=\"fusion-clearfix\"><\/div><\/div><\/div><\/div><\/div><div class=\"fusion-fullwidth fullwidth-box fusion-builder-row-4 map-contact-wrapper nonhundred-percent-fullwidth non-hundred-percent-height-scrolling fusion-equal-height-columns\" style=\"background-color: #ffffff;background-position: center center;background-repeat: no-repeat;padding-top:0px;padding-right:0px;padding-bottom:0px;padding-left:0px;margin-bottom: 0px;margin-top: 0px;border-width: 0px 0px 0px 0px;border-color:#eae9e9;border-style:solid;\" ><div class=\"fusion-builder-row fusion-row\"><div class=\"fusion-layout-column fusion_builder_column fusion-builder-column-3 fusion_builder_column_1_3 1_3 fusion-one-third fusion-column-first fusion-layout-column-mobile\" style=\"width:33.333333333333%;width:calc(33.333333333333% - ( ( 4% ) * 0.33333333333333 ) );margin-right: 4%;margin-top:15px;margin-bottom:15px;\"><div class=\"fusion-column-wrapper fusion-flex-column-wrapper-legacy\" style=\"background-position:left top;background-repeat:no-repeat;-webkit-background-size:cover;-moz-background-size:cover;-o-background-size:cover;background-size:cover;padding: 0px 0px 0px 0px;\"><div class=\"fusion-column-content-centered\"><div class=\"fusion-column-content\"><div class=\"fusion-person person fusion-person-left fusion-person-1 fusion-person-icon-top fusion-person-details-maps js-contact-detail-maps js-ouest\"><div class=\"person-desc\"><div class=\"person-author\"><div class=\"person-author-wrapper\"><span class=\"person-name\">Votre contact R\u00e9gion Ouest<\/span><span class=\"person-title\">Pierre Boissinot<\/span><\/div><\/div><div class=\"person-content fusion-clearfix\">06 72 53 93 11<br \/>\np.boissinot@lepont.fr<br \/>\nD\u00e9partements : 29 \u2013 22 \u2013 56 \u2013 35 \u2013 44 \u2013 53 \u2013 49 \u2013 72 \u2013 61 \u2013 14 \u2013 50<\/div><\/div><\/div><div class=\"fusion-person person fusion-person-left fusion-person-2 fusion-person-icon-top fusion-person-details-maps js-contact-detail-maps js-idf\"><div class=\"person-desc\"><div class=\"person-author\"><div class=\"person-author-wrapper\"><span class=\"person-name\">Contact Centre - IDF<\/span><span class=\"person-title\">Martin Kirchner<\/span><\/div><\/div><div class=\"person-content fusion-clearfix\">06 33 71 12 73<br \/>\nm.kirchner@lepont.fr<br \/>\nD\u00e9partements : 76 \u2013 80 \u2013 60 \u2013 27 \u2013 28 \u2013 95 \u2013 78 \u2013 92 \u2013 93 \u2013 94 \u2013 75<\/div><\/div><\/div><div class=\"fusion-person person fusion-person-left fusion-person-3 fusion-person-icon-top fusion-person-details-maps js-contact-detail-maps js-nord\"><div class=\"person-shortcode-image-wrapper\"><div class=\"person-image-container hover-type-none\" style=\"border:0px solid #f6f6f6;-webkit-border-radius:0px;-moz-border-radius:0px;border-radius:0px;\"><img decoding=\"async\" class=\"person-img img-responsive wp-image-23973\" width=\"320\" height=\"320\" src=\"https:\/\/www.lepont.fr\/instruments\/wp-content\/uploads\/2026\/02\/Martin-commercial.webp\" alt=\"Votre contact R\u00e9gion Nord\" srcset=\"https:\/\/www.lepont.fr\/instruments\/wp-content\/uploads\/2026\/02\/Martin-commercial-66x66.webp 66w, https:\/\/www.lepont.fr\/instruments\/wp-content\/uploads\/2026\/02\/Martin-commercial-150x150.webp 150w, https:\/\/www.lepont.fr\/instruments\/wp-content\/uploads\/2026\/02\/Martin-commercial-200x200.webp 200w, https:\/\/www.lepont.fr\/instruments\/wp-content\/uploads\/2026\/02\/Martin-commercial-300x300.webp 300w, https:\/\/www.lepont.fr\/instruments\/wp-content\/uploads\/2026\/02\/Martin-commercial.webp 320w\" sizes=\"(max-width: 800px) 100vw, 320px\" \/><\/div><\/div><div class=\"person-desc\"><div class=\"person-author\"><div class=\"person-author-wrapper\"><span class=\"person-name\">Votre contact R\u00e9gion Nord<\/span><span class=\"person-title\">Martin Kirchner<\/span><\/div><\/div><div class=\"person-content fusion-clearfix\">06 48 88 68 61<br \/>\nm.kirchner@lepont.fr<br \/>\nD\u00e9partements : 02 \u2013 59 \u2013 62 \u2013 08 \u2013 80 \u2013 60 \u2013 95 \u2013 27 \u2013 76<\/div><\/div><\/div><div class=\"fusion-person person fusion-person-left fusion-person-4 fusion-person-icon-top fusion-person-details-maps js-contact-detail-maps js-grandEst\"><div class=\"person-desc\"><div class=\"person-author\"><div class=\"person-author-wrapper\"><span class=\"person-name\">Votre contact r\u00e9gion Grand Est<\/span><span class=\"person-title\">Anthony Larcher<\/span><\/div><\/div><div class=\"person-content fusion-clearfix\">07 88 73 30 87<br \/>\na.larcher@lepont.fr<br \/>\nD\u00e9partements : 51 \u2013 10 \u2013 52 \u2013 55 \u2013 54 \u2013 57 \u2013 88 \u2013 90 \u2013 68 \u2013 67<\/div><\/div><\/div><div class=\"fusion-person person fusion-person-left fusion-person-5 fusion-person-icon-top fusion-person-details-maps js-contact-detail-maps js-sudOuest\"><div class=\"person-shortcode-image-wrapper\"><div class=\"person-image-container hover-type-none\" style=\"border:0px solid #f6f6f6;-webkit-border-radius:0px;-moz-border-radius:0px;border-radius:0px;\"><img decoding=\"async\" class=\"person-img img-responsive wp-image-20455\" width=\"400\" height=\"400\" src=\"https:\/\/www.lepont.fr\/instruments\/wp-content\/uploads\/2019\/07\/Regis-400x400.jpg\" alt=\"Votre contact r\u00e9gion Sud Ouest\" srcset=\"https:\/\/www.lepont.fr\/instruments\/wp-content\/uploads\/2019\/07\/Regis-400x400-200x200.jpg 200w, https:\/\/www.lepont.fr\/instruments\/wp-content\/uploads\/2019\/07\/Regis-400x400.jpg 400w\" sizes=\"(max-width: 800px) 100vw, 400px\" \/><\/div><\/div><div class=\"person-desc\"><div class=\"person-author\"><div class=\"person-author-wrapper\"><span class=\"person-name\">Votre contact r\u00e9gion Sud Ouest<\/span><span class=\"person-title\">R\u00e9gis Jud\u00e9aux<\/span><\/div><\/div><div class=\"person-content fusion-clearfix\">06 50 00 90 62<br \/>\nr.judeaux@lepont.fr<br \/>\nD\u00e9partements : 85 &#8211; 79 &#8211; 86 &#8211; 17 &#8211; 16 &#8211; 87 &#8211; 23 &#8211; 33 &#8211; 24 &#8211; 19 &#8211; 46 &#8211; 47 &#8211; 40 &#8211; 31 &#8211; 64 <\/div><\/div><\/div><div class=\"fusion-person person fusion-person-left fusion-person-6 fusion-person-icon-top fusion-person-details-maps js-contact-detail-maps js-rhoneAlpe\"><div class=\"person-shortcode-image-wrapper\"><div class=\"person-image-container hover-type-none\" style=\"border:0px solid #f6f6f6;-webkit-border-radius:0px;-moz-border-radius:0px;border-radius:0px;\"><img decoding=\"async\" class=\"person-img img-responsive wp-image-22399\" width=\"323\" height=\"242\" src=\"https:\/\/www.lepont.fr\/instruments\/wp-content\/uploads\/2022\/06\/RETOUCHE-FOND-CEDRIC.jpg\" alt=\"Votre contact Rh\u00f4ne Alpes - Auvergne\" srcset=\"https:\/\/www.lepont.fr\/instruments\/wp-content\/uploads\/2022\/06\/RETOUCHE-FOND-CEDRIC-200x150.jpg 200w, https:\/\/www.lepont.fr\/instruments\/wp-content\/uploads\/2022\/06\/RETOUCHE-FOND-CEDRIC.jpg 323w\" sizes=\"(max-width: 800px) 100vw, 323px\" \/><\/div><\/div><div class=\"person-desc\"><div class=\"person-author\"><div class=\"person-author-wrapper\"><span class=\"person-name\">Votre contact Rh\u00f4ne Alpes - Auvergne<\/span><span class=\"person-title\">Cedric Revol<\/span><\/div><\/div><div class=\"person-content fusion-clearfix\">06 31 72 10 92<br \/>\nc.revol@lepont.fr<br \/>\nD\u00e9partements : 21 &#8211; 25 &#8211; 71 &#8211; 39 &#8211; 03 &#8211; 63 &#8211; 42 &#8211; 69 &#8211; 01 &#8211; 74 &#8211; 15 &#8211; 43 &#8211; 38 &#8211; 73 <\/div><\/div><\/div><div class=\"fusion-person person fusion-person-left fusion-person-7 fusion-person-icon-top fusion-person-details-maps js-contact-detail-maps js-sudEst\"><div class=\"person-shortcode-image-wrapper\"><div class=\"person-image-container hover-type-none\" style=\"border:0px solid #f6f6f6;-webkit-border-radius:0px;-moz-border-radius:0px;border-radius:0px;\"><img decoding=\"async\" class=\"person-img img-responsive wp-image-22900\" width=\"400\" height=\"400\" src=\"https:\/\/www.lepont.fr\/instruments\/wp-content\/uploads\/2023\/06\/Veentin-1.jpg\" alt=\"Votre contact r\u00e9gion Sud Est\" \/><\/div><\/div><div class=\"person-desc\"><div class=\"person-author\"><div class=\"person-author-wrapper\"><span class=\"person-name\">Votre contact r\u00e9gion Sud Est<\/span><span class=\"person-title\">Valentin Sarrazin<\/span><\/div><\/div><div class=\"person-content fusion-clearfix\">06 47 67 33 30<br \/>\nv.sarrazin@lepont.fr<br \/>\nD\u00e9partements : 04 &#8211; 05 &#8211; 06 &#8211; 07 &#8211; 13 &#8211; 26 &#8211; 30 &#8211; 83 &#8211; 84 &#8211; 2A &#8211; 2B<\/div><\/div><\/div><div class=\"fusion-person person fusion-person-left fusion-person-8 fusion-person-icon-top fusion-person-details-maps js-contact-detail-maps js-sud\"><div class=\"person-desc\"><div class=\"person-author\"><div class=\"person-author-wrapper\"><span class=\"person-name\">Votre contact r\u00e9gion Occitanie<\/span><span class=\"person-title\"><\/span><\/div><\/div><div class=\"person-content fusion-clearfix\">06 38 15 67 30<br \/>\nD\u00e9partements : 65 \u2013 32 \u2013 82 \u2013 81 \u2013 12 \u2013 34 \u2013 11 \u2013 66 \u2013 31 \u2013 09<\/div><\/div><\/div><\/div><\/div><div class=\"fusion-clearfix\"><\/div><\/div><\/div><\/div><\/div><\/p>\n","protected":false},"excerpt":{"rendered":"","protected":false},"author":3,"featured_media":0,"parent":0,"menu_order":0,"comment_status":"open","ping_status":"closed","template":"100-width.php","meta":[],"yoast_head":"<!-- This site is optimized with the Yoast SEO plugin v14.9 - https:\/\/yoast.com\/wordpress\/plugins\/seo\/ -->\n<title>Demandez-une d\u00e9mo - Instruments by Lepont<\/title>\n<meta name=\"description\" content=\"Vous souhaitez d\u00e9couvrir nos instrumets ? Prenez contact avec un de nos commerciaux et demandez une d\u00e9mo !\" \/>\n<meta name=\"robots\" content=\"index, follow, max-snippet:-1, max-image-preview:large, max-video-preview:-1\" \/>\n<link rel=\"canonical\" href=\"https:\/\/www.lepont.fr\/instruments\/demandez-une-demo\/\" \/>\n<meta property=\"og:locale\" content=\"fr_FR\" \/>\n<meta property=\"og:type\" content=\"article\" \/>\n<meta property=\"og:title\" content=\"Demandez-une d\u00e9mo - Instruments by Lepont\" \/>\n<meta property=\"og:description\" content=\"Vous souhaitez d\u00e9couvrir nos instrumets ? Prenez contact avec un de nos commerciaux et demandez une d\u00e9mo !\" \/>\n<meta property=\"og:url\" content=\"https:\/\/www.lepont.fr\/instruments\/demandez-une-demo\/\" \/>\n<meta property=\"og:site_name\" content=\"Instruments by Lepont\" \/>\n<meta property=\"article:modified_time\" content=\"2026-04-08T12:07:01+00:00\" \/>\n<meta property=\"og:image\" content=\"https:\/\/www.lepont.fr\/instruments\/wp-content\/uploads\/2020\/10\/Carnet-terrain.png\" \/>\n\t<meta property=\"og:image:width\" content=\"304\" \/>\n\t<meta property=\"og:image:height\" content=\"328\" \/>\n<meta name=\"twitter:card\" content=\"summary_large_image\" \/>\n<script type=\"application\/ld+json\" class=\"yoast-schema-graph\">{\"@context\":\"https:\/\/schema.org\",\"@graph\":[{\"@type\":\"Organization\",\"@id\":\"https:\/\/www.lepont.fr\/instruments\/#organization\",\"name\":\"Lepont Instruments\",\"url\":\"https:\/\/www.lepont.fr\/instruments\/\",\"sameAs\":[],\"logo\":{\"@type\":\"ImageObject\",\"@id\":\"https:\/\/www.lepont.fr\/instruments\/#logo\",\"inLanguage\":\"fr-FR\",\"url\":\"https:\/\/www.lepont.fr\/instruments\/wp-content\/uploads\/2023\/01\/logo-lepont-instruments.jpg\",\"width\":716,\"height\":236,\"caption\":\"Lepont Instruments\"},\"image\":{\"@id\":\"https:\/\/www.lepont.fr\/instruments\/#logo\"}},{\"@type\":\"WebSite\",\"@id\":\"https:\/\/www.lepont.fr\/instruments\/#website\",\"url\":\"https:\/\/www.lepont.fr\/instruments\/\",\"name\":\"Instruments by Lepont\",\"description\":\"Solutions topographiques TOPCON ET SPECTRA GEOSPATIAL FRANCE\",\"publisher\":{\"@id\":\"https:\/\/www.lepont.fr\/instruments\/#organization\"},\"potentialAction\":[{\"@type\":\"SearchAction\",\"target\":\"https:\/\/www.lepont.fr\/instruments\/?s={search_term_string}\",\"query-input\":\"required name=search_term_string\"}],\"inLanguage\":\"fr-FR\"},{\"@type\":\"WebPage\",\"@id\":\"https:\/\/www.lepont.fr\/instruments\/demandez-une-demo\/#webpage\",\"url\":\"https:\/\/www.lepont.fr\/instruments\/demandez-une-demo\/\",\"name\":\"Demandez-une d\\u00e9mo - Instruments by Lepont\",\"isPartOf\":{\"@id\":\"https:\/\/www.lepont.fr\/instruments\/#website\"},\"datePublished\":\"2021-01-22T09:16:56+00:00\",\"dateModified\":\"2026-04-08T12:07:01+00:00\",\"description\":\"Vous souhaitez d\\u00e9couvrir nos instrumets ? Prenez contact avec un de nos commerciaux et demandez une d\\u00e9mo !\",\"inLanguage\":\"fr-FR\",\"potentialAction\":[{\"@type\":\"ReadAction\",\"target\":[\"https:\/\/www.lepont.fr\/instruments\/demandez-une-demo\/\"]}]}]}<\/script>\n<!-- \/ Yoast SEO plugin. -->","_links":{"self":[{"href":"https:\/\/www.lepont.fr\/instruments\/wp-json\/wp\/v2\/pages\/21390"}],"collection":[{"href":"https:\/\/www.lepont.fr\/instruments\/wp-json\/wp\/v2\/pages"}],"about":[{"href":"https:\/\/www.lepont.fr\/instruments\/wp-json\/wp\/v2\/types\/page"}],"author":[{"embeddable":true,"href":"https:\/\/www.lepont.fr\/instruments\/wp-json\/wp\/v2\/users\/3"}],"replies":[{"embeddable":true,"href":"https:\/\/www.lepont.fr\/instruments\/wp-json\/wp\/v2\/comments?post=21390"}],"version-history":[{"count":22,"href":"https:\/\/www.lepont.fr\/instruments\/wp-json\/wp\/v2\/pages\/21390\/revisions"}],"predecessor-version":[{"id":24070,"href":"https:\/\/www.lepont.fr\/instruments\/wp-json\/wp\/v2\/pages\/21390\/revisions\/24070"}],"wp:attachment":[{"href":"https:\/\/www.lepont.fr\/instruments\/wp-json\/wp\/v2\/media?parent=21390"}],"curies":[{"name":"wp","href":"https:\/\/api.w.org\/{rel}","templated":true}]}}